lculate the remainder when 4534 is divided by 4499.
35
What is the remainder when 1442340 is divided by 6836?
6780
Calculate the remainder when 490315460 is divided by 14302.
14296
What is the remainder when 357188 is divided by 503?
58
Calculate the remainder when 7481625 is divided by 364.
333
Calculate the remainder when 191068 is divided by 454.
388
Calculate the remainder when 1976909 is divided by 123556.
13
What is the remainder when 14941 is divided by 1768?
797
Calculate the remainder when 126641 is divided by 386.
33
What is the remainder when 5993253 is divided by 182?
175
Calculate the remainder when 221510501 is divided by 113.
104
What is the remainder when 11567874 is divided by 4475?
4474
Calculate the remainder when 2209824 is divided by 1200.
624
Calculate the remainder when 24777272 is divided by 4.
0
What is the remainder when 1293300 is divided by 41713?
197
Calculate the remainder when 15230633 is divided by 60.
53
Calculate the remainder when 21036811 is divided by 123.
121
What is the remainder when 121745715 is divided by 12?
3
Calculate the remainder when 28131 is divided by 568.
299
What is the remainder when 6987048 is divided by 810?
798
Calculate the remainder when 51779857 is divided by 8629975.
7
What is the remainder when 597750 is divided by 3020?
2810
Calculate the remainder when 331056 is divided by 53.
18
What is the remainder when 4984978 is divided by 78?
76
What is the remainder when 1206869366 is divided by 186?
182
What is the remainder when 1037370 is divided by 174?
156
What is the remainder when 65293041 is divided by 16323251?
37
Calculate the remainder when 18406429 is divided by 352.
349
Calculate the remainder when 573021 is divided by 1445.
801
Calculate the remainder when 83870387 is divided by 413.
412
Calculate the remainder when 5748066 is divided by 2874024.
18
What is the remainder when 25882 is divided by 1502?
348
Calculate the remainder when 797230 is divided by 272.
270
Calculate the remainder when 123969 is divided by 15210.
2289
What is the remainder when 839464 is divided by 6218?
34
Calculate the remainder when 38826069 is divided by 64.
21
Calculate the remainder when 7943961 is divided by 3039.
15
Calculate the remainder when 26905 is divided by 1446.
877
What is the remainder when 1746156 is divided by 33?
27
Calculate the remainder when 16406378 is divided by 8074.
10
What is the remainder when 25734038 is divided by 3670?
3668
Calculate the remainder when 37300361 is divided by 47.
33
Calculate the remainder when 119771097 is divided by 12.
9
What is the remainder when 5065842 is divided by 110127?
0
Calculate the remainder when 15299 is divided by 799.
118
Calculate the remainder when 6850794 is divided by 55248.
42
What is the remainder when 4776673 is divided by 477?
472
What is the remainder when 2034700 is divided by 348?
292
Calculate the remainder when 75268071 is divided by 2163.
2160
Calculate the remainder when 426800 is divided by 10669.
40
Calculate the remainder when 3095881 is divided by 813.
790
Calculate the remainder when 1320463779 is divided by 1810.
1809
Calculate the remainder when 79331205 is divided by 124.
97
Calculate the remainder when 29714928 is divided by 14857391.
146
Calculate the remainder when 24440578 is divided by 28.
22
What is the remainder when 157747 is divided by 544?
531
Calculate the remainder when 48241 is divided by 805.
746
What is the remainder when 226938714 is divided by 1585?
1584
What is the remainder when 854286 is divided by 8458?
28
What is the remainder when 4771000 is divided by 502?
494
Calculate the remainder when 1566780 is divided by 4092.
3636
Calculate the remainder when 1286667 is divided by 82.
5
What is the remainder when 21768764 is divided by 1008?
1004
What is the remainder when 527836 is divided by 131956?
12
What is the remainder when 657918 is divided by 219226?
240
What is the remainder when 67693 is divided by 67689?
4
Calculate the remainder when 305122 is divided by 43583.
41
Calculate the remainder when 140558 is divided by 732.
14
Calculate the remainder when 532169 is divided by 135.
134
What is the remainder when 582406361 is divided by 174?
173
What is the remainder when 36837284 is divided by 10?
4
What is the remainder when 60586293 is divided by 598?
521
Calculate the remainder when 267880 is divided by 33485.
0
What is the remainder when 20632286 is divided by 360?
326
What is the remainder when 844333 is divided by 1615?
1303
What is the remainder when 1801637 is divided by 331?
4
Calculate the remainder when 3203879 is divided by 1067956.
11
Calculate the remainder when 36279598 is divided by 1234.
1232
What is the remainder when 3976661 is divided by 1825?
1811
Calculate the remainder when 8632010 is divided by 1078986.
122
What is the remainder when 145769 is divided by 1735?
29
What is the remainder when 766270 is divided by 651?
43
What is the remainder when 27928787 is divided by 14?
5
Calculate the remainder when 121368 is divided by 5687.
1941
What is the remainder when 587157 is divided by 1356?
9
Calculate the remainder when 8522789 is divided by 8522743.
46
What is the remainder when 1099554 is divided by 27?
6
Calculate the remainder when 34074098 is divided by 65.
58
Calculate the remainder when 118515 is divided by 29626.
11
What is the remainder when 118709 is divided by 7401?
293
What is the remainder when 9410236 is divided by 32?
28
What is the remainder when 12166274 is divided by 2?
0
What is the remainder when 320886 is divided by 160210?
466
What is the remainder when 3109037 is divided by 63448?
85
Calculate the remainder when 1651812 is divided by 117981.
78
What is the remainder when 3923387 is divided by 280241?
13
Calculate the remainder when 217294955 is divided by 41.
39
What is the remainder when 290750 is divided by 4037?
86
What is the remainder when 3942557 is divided by 2521?
2234
Calculate the remainder when 1393558 is divided by 31.
15
Calculate the remainder when 46363 is divided by 11496.
379
Calculate the remainder when 480956 is divided by 354.
224
What is the remainder when 661725 is divided by 44112?
45
What is the remainder when 1206953886 is divided by 368?
366
What is the remainder when 2637555 is divided by 17820?
195
Calculate the remainder when 342704 is divided by 114196.
116
Calculate the remainder when 4416873 is divided by 168.
153
What is the remainder when 13940 is divided by 81?
8
What is the remainder when 846658 is divided by 467?
454
What is the remainder when 166582 is divided by 1234?
1226
Calculate the remainder when 2452635 is divided by 2032.
11
Calculate the remainder when 295507 is divided by 459.
370
What is the remainder when 920549 is divided by 149?
27
Calculate the remainder when 660632 is divided by 36692.
176
Calculate the remainder when 6435987 is divided by 1608992.
19
What is the remainder when 7537767 is divided by 142?
123
Calculate the remainder when 22949019 is divided by 437.
401
What is the remainder when 14000 is divided by 68?
60
What is the remainder when 358599 is divided by 1153?
16
Calculate the remainder when 683098 is divided by 291.
121
Calculate the remainder when 375853 is divided by 15650.
253
Calculate the remainder when 195809 is divided by 103.
6
What is the remainder when 116705903 is divided by 16?
15
Calculate the remainder when 212646 is divided by 52541.
2482
What is the remainder when 13445934 is divided by 253?
249
What is the remainder when 33016718 is divided by 657?
497
Calculate the remainder when 1446349 is divided by 206523.
688
What is the remainder when 117752366 is divided by 254?
252
What is the remainder when 2366701 is divided by 2832?
1981
What is the remainder when 1645018 is divided by 1235?
1233
What is the remainder when 788047 is divided by 81?
79
Calculate the remainder when 177784 is divided by 54.
16
What is the remainder when 1154528 is divided by 2300?
2228
Calculate the remainder when 1619192 is divided by 33044.
36
Calculate the remainder when 248685 is divided by 1145.
220
Calculate the remainder when 114783 is divided by 38203.
174
Calculate the remainder when 86326649 is divided by 764.
761
What is the remainder when 1497417 is divided by 176?
9
What is the re